
Let k(j) = 2*j**2 + 4*j - 8. Let w be k(-4). Let q(t) = -t + 19. What is the remainder when 29 is divided by q(w)?
7
Suppose -4*a - 5 = -9. Suppose s - a = 5. Let j(i) = i**2 + i + 4. What is the remainder when s is divided by j(0)?
2
Let c = -312 + 1024. What is the remainder when c is divided by 17?
15
Suppose -3*r = 2*b - 29 - 32, -3*b = -5*r - 101. Calculate the remainder when 119 is divided by b.
23
Let v(t) = t + 19. Let d(j) = 5*j + 95. Let u(z) = -2*d(z) + 11*v(z). What is the remainder when 196 is divided by u(14)?
31
Calculate the remainder when 358 is divided by (-6)/(-2)*(-15)/5*-4.
34
Let b = -9 - -36. Let f(m) = 2*m**3 - 3*m**2 - 3*m - 4. Suppose o = -1 + 4. Calculate the remainder when b is divided by f(o).
13
Suppose j - 6 = t, 3*t - 43 - 3 = -5*j. Let d = 384 + -373. What is the remainder when d is divided by 0 + (-4)/(j/(-6))?
2
Let f = 433 + -242. Calculate the remainder when f is divided by 64.
63
Let k(b) be the first derivative of b**4/4 + 4*b**3/3 - 15*b**2/2 - b - 2. Calculate the remainder when k(-6) is divided by 9.
8
Suppose 2*m + 15 = o - 2*o, 0 = 2*m - 2*o + 6. Let f = m + 15. Suppose 2*w - 12 = -3*h + f, -33 = -5*w - h. Calculate the remainder when 15 is divided by w.
3
Let m = -53 + 81. Let q = m + -16. Let c = 46 - 24. What is the remainder when c is divided by q?
10
Let y = -49 - 65. Let t = y - -124. What is the remainder when t is divided by 10?
0
Suppose 5*u + 3*c = 1157, 2*c - 8 = -0. Calculate the remainder when u is divided by 79.
71
Suppose 21*g - 19*g - 120 = 0. What is the remainder when 143 is divided by g?
23
Let w be (-14)/(-5) + (-6)/(-30). Suppose 0*m + 2*m = w*d + 49, -4*d = 2*m - 14. What is the remainder when 82 is divided by m?
14
Suppose 0 = -8*h + 10*h - 50. Let t = 17 - 10. Calculate the remainder when h is divided by t.
4
Let x = -27 - -23. Let r = x - 9. Let u = r - -25. Calculate the remainder when 21 is divided by u.
9
Let t(n) = n**3 - 12*n**2 + 11*n + 11. Suppose 0*d - 44 = -4*d. Suppose 0 = 22*c - 24*c + 6. Calculate the remainder when t(d) is divided by c.
2
Suppose 3*b - k = 2*k + 21, -3*b + 18 = -2*k. Suppose -b*l - 42 = -3*y + l, 5*y - l - 48 = 0. Calculate the remainder when y is divided by 1/(-2) - 63/(-18).
0
Suppose -4*l = -2205 - 4023. What is the remainder when l is divided by 39?
36
Let j(o) = 16*o - 87. What is the remainder when 41 is divided by j(6)?
5
Let y(v) = -3*v - 16. Let p be y(-7). Suppose 2*i - 5*z - p = -2*z, 3*i + 2*z = 27. Suppose h + 0*h - 12 = 0. What is the remainder when h is divided by i?
5
Suppose 0 = -3*i - 9, -2*a - 4*i + 8*i = -176. Calculate the remainder when a is divided by 5.
2
Let l be (9 - 3 - -93)*2/3. What is the remainder when (l/24 - 2) + 269/4 is divided by 35?
33
Let i(f) be the third derivative of -5*f**4/8 - f**3/3 - 2*f**2. Suppose 2*m + 6 = 0, 4*d - 32 - 63 = -3*m. Calculate the remainder when i(-7) is divided by d.
25
Let d(x) = x**3 + 31*x**2 + 106*x - 31. What is the remainder when d(-26) is divided by 9?
8
Let p = -279 - -380. What is the remainder when p is divided by 46?
9
Suppose -6*l = 3*l - 27. Let r = 1 - -1. Suppose -r*a = -3*a + l, -3*j + 99 = -2*a. Calculate the remainder when j is divided by 9.
8
Suppose 8 - 15 = -t. Calculate the remainder when 164 is divided by t.
3
Suppose -4*w + 11 + 77 = 0. Let g = -17 - -35. Suppose 3*m - 6 = g. Calculate the remainder when w is divided by m.
6
Suppose -c + 21 = 5*o, -5*c + 9 = o - 0*o. Let j = 30 + c. Calculate the remainder when 92 is divided by j.
30
Suppose 3*b - 9*b + 66 = 0. Suppose 9*c - b*c + 140 = 0. Suppose 3*x + c = 5*x. What is the remainder when x is divided by 9?
8
Suppose -t = -2*f - 115, 5*f + 95 = 2*t - 140. Calculate the remainder when t is divided by 28.
21
Suppose 5*w = 9*w - 272. Calculate the remainder when 134 is divided by w.
66
Suppose 0 = 5*x + 5*k - 200, 23*x + 88 = 25*x + 4*k. What is the remainder when x is divided by 27?
9
Let l = -675 + 690. What is the remainder when 41 is divided by l?
11
What is the remainder when 190 is divided by (240/(-320))/((-1)/252)?
1
Let f(i) = -i**3 - 16*i**2 + 17*i + 8. Let h be f(-17). Let r(k) = -2*k**3 + 16*k**2 + 2*k - 5. What is the remainder when r(h) is divided by 7?
4
Suppose -2*l = 3*t - t - 42, t = 2. What is the remainder when 76/18 - (-6)/(-27) - -52 is divided by l?
18
Let o = 14135 + -14097. Suppose 5*u - 56 = -4*r, 4*u - 3*u - r - 4 = 0. What is the remainder when o is divided by u?
6
Suppose z + 3*h - 16 = -z, 0 = -2*h + 4. Suppose -4*n - 120 = -4*y, -2*y + 33 = -z*n - 27. Let g = -6 - -14. What is the remainder when y is divided by g?
6
Let d(q) = 4*q - 16. Let b be d(4). Suppose 2*p + 7*v - 114 = 3*v, -p + v + 69 = b. Calculate the remainder when p is divided by 17.
14
Let f(d) = 12*d**3 - d**2 - 2*d + 5. Calculate the remainder when f(2) is divided by 32.
29
Suppose -2*z - 3*z - 2*y + 127 = 0, -73 = -3*z + 2*y. Calculate the remainder when 146 is divided by z.
21
Let c = -389 + 477. Calculate the remainder when c is divided by 9.
7
Let r be 4/(-6)*(-21)/2. Let z = r - -13. Calculate the remainder when 57 is divided by z.
17
Let n be (-1)/2 - (-8)/16. Suppose -7 = 4*y - 23. Suppose n*a + a - y = 0. What is the remainder when a is divided by 3?
1
Let b = 529 + -256. Calculate the remainder when b is divided by 47.
38
Let b be (-6)/(-9)*(-3)/(-2). What is the remainder when (7/(-14))/(1/26)*-1 is divided by (6/2 - b) + 2?
1
Suppose 0*c + 2*c - 4*t = 12, 0 = -c - 3*t + 6. Suppose c*u - 168 = 2*u. What is the remainder when 167 is divided by u?
41
Suppose 0 = -4*u - 4*g - 8, 0 = 2*g - 3*g. Calculate the remainder when 2/((-4)/(-3))*(u + 4) is divided by 3.
0
Suppose 4*r - 6 = 2. Let d(v) = -17*v - 473. What is the remainder when (3 - r)/(2/158) is divided by d(-29)?
19
Suppose 13*s - 113 - 43 = 0. What is the remainder when 213 is divided by s?
9
Let y(n) = n**3 - 13*n**2 + 11*n + 20. Let d be y(12). Let b = -2 + d. What is the remainder when 29 is divided by b?
5
Suppose 5*a + y = 51, -17*a = -15*a - 4*y - 38. What is the remainder when 37 is divided by a?
4
Calculate the remainder when ((-18)/8 - -2)/((-6)/552) is divided by 7.
2
Suppose 3*w - 2*w - 5*y = 36, 5*y = -3*w + 128. What is the remainder when w is divided by 12?
5
Let q(a) = -a**2 - 9*a + 10. Let t be q(-13). Let m = t - -63. What is the remainder when 90 is divided by 0 + (3 - 1) + m?
21
Let x be -94*2/4*-1. Suppose -9*v = x - 317. What is the remainder when v is divided by 11?
8
Suppose -5*g + 9*g + a = 389, 0 = -g + a + 101. Calculate the remainder when g is divided by 42.
14
Let p(n) = n**3 - 11*n**2 + 8*n + 16. Let h be p(10). Let q(c) = 6*c**2 - 8*c - 22. What is the remainder when q(h) is divided by 18?
16
Let y(t) = t**3 - 4*t**2 - 27*t + 131. What is the remainder when 38 is divided by y(5)?
17
Let q(b) = -b**2 + 10*b - 8. Let h be (12/(-10))/((-3)/20). Let y be q(h). Let l = 9 + y. Calculate the remainder when l is divided by 10.
7
Suppose 32*y = 41*y - 918. Calculate the remainder when y is divided by 14.
4
Let h(f) = -51*f + 47*f - 2*f**3 + 33*f**2 - 2 + 5*f**3. Calculate the remainder when h(-11) is divided by 15.
12
Let h(v) = v**3 - 5*v**2 + 5*v. Let t be (2 + -1)/((-14)/(-154)). Suppose 4*l - 3 = -j - t, j = 4*l + 16. What is the remainder when 6 is divided by h(j)?
2
Suppose 2*j = -4*k + 14, 2*j = 2*k + 2*k - 18. Let n(a) = -23*a**3 + a**2 + 3*a + 2. Calculate the remainder when (-928)/(-14) + (-6)/21 is divided by n(j).
20
Suppose 5*x = -32 + 7, 0 = 2*n - 3*x - 45. What is the remainder when 50 is divided by n?
5
Calculate the remainder when (-25)/(-250) + 6318/20 + -1 is divided by 79.
78
Let g = 238 - 99. What is the remainder when g is divided by 20?
19
Let p(d) = d**3 + 11*d**2 - 10*d + 10. Let u be p(-12). Let z = 20 + u. Calculate the remainder when 73 is divided by 4 - -8 - z/(-2).
13
Let g = 1732 - 1584. Calculate the remainder when g is divided by 8.
4
Let c = -38 + 43. Suppose 2*y = 3*y - c*m - 27, 0 = -4*y + 2*m + 54. Let f = 70 + -47. What is the remainder when f is divided by y?
11
Suppose 10*h - 8*h = -5*r + 51, 2 = 2*r. What is the remainder when 88 is divided by h?
19
Let o = -69 + 13. Let l = o - -35. Let j = -9 - l. What is the remainder when 33 is divided by j?
9
Let x(g) = 31*g**2 - 2*g + 8. What is t